*l. What is r(-9)?
12
Let h = 16 + -11. Suppose -4*t + 3*q = -52 - 172, -q + 280 = h*t. Let s(i) = -8*i**3 + 56 - t + i. Determine s(1).
-7
Let d(i) be the third derivative of -i**6/120 + i**5/20 + i**4/24 - i**3/6 + i**2. Let m be (-15)/(-6)*90/3. Let p be 2/9 - m/(-27). What is d(p)?
2
Let v(p) = -p**2 - 7*p - 5. Let q = -7 - -12. Suppose -5*m - q*x = 10, -3*x + 13 = -5*m - 7*x. Give v(m).
5
Let z(h) be the second derivative of -h**6/360 - h**5/40 - h**4/8 + h**3 + 6*h. Let c(j) be the second derivative of z(j). Determine c(-3).
-3
Let o(q) = q**3 - 8*q**2 + 7*q + 8. Let h(x) = -x. Let c be h(-2). Suppose -4*w + 4 + 1 = -d, c*d = w + 11. Calculate o(d).
8
Let t(u) be the first derivative of -u**3/3 + 7*u**2/2 - 2*u + 8. Give t(6).
4
Let c(k) be the second derivative of -k**7/840 + k**6/90 - k**5/60 - k**3/3 + 3*k. Let r(s) be the second derivative of c(s). What is r(3)?
3
Let r(i) = i**2 + 3*i - 4. Suppose -3*s = -0*l - 5*l - 34, 3*s = 9. Calculate r(l).
6
Let q(m) be the second derivative of m**3/6 + 5*m**2 + m. Suppose -5*f = 2*s + 33, s - 2 + 6 = 0. Determine q(f).
5
Suppose -2*z - c = -0*c - 1, 2*c = -10. Let g(t) = -t**3 + 4*t**2 - t - 1. Calculate g(z).
5
Let m(o) = 2 + 0 - o + 0. Suppose -3*l + 5*l + 4 = 0. Determine m(l).
4
Let b(w) be the first derivative of -w**2/2 - 2*w - 4. Determine b(-2).
0
Let l(p) = 0*p + 2 + 4*p + p + p**2. Give l(-2).
-4
Let a(g) = -g**2 + 14 + 10 + 5*g - 27. Give a(6).
-9
Suppose -4*l - 2*a - 6 = 0, 7 = 2*l - 0*l - a. Let f(w) = -l + 1 + w. Suppose -6 = 5*y - 3*m, 2*m - 5 = -3*y - 1. What is f(y)?
0
Suppose 0 = -s - 0*s + 4. Let x(u) = 3*u - 1. Let o be x(4). Let j(v) = 4*v**2 + 0 - v**3 - o + 7 - v. What is j(s)?
-8
Let m(q) be the first derivative of q**2 + 6*q + 7. What is m(-5)?
-4
Suppose o - 4*o = -5*w + 9, w - 7 = -2*o. Let g(d) = d**2 + d - 1. Let x be g(-2). Let m(i) = -4*i + 4*i - i**o + i - x. Calculate m(0).
-1
Let a(n) = -3*n + 0*n + 4*n - 4 + 11. Calculate a(-3).
4
Let k(f) = f**2 + 0*f - 3*f + 1 + 2*f - f. Calculate k(3).
4
Let b be 4/(-16)*(-7 - 1). Let z(h) = -h**3 + h**2 - 1. Give z(b).
-5
Let o(m) = -m**2 - 3 + 1 - 4*m - 3. Give o(-4).
-5
Let o(t) = 2*t - 19 - 26 + t**3 + 5*t**2 + 42. Calculate o(-4).
5
Let s(j) be the first derivative of j**2/2 - j - 1. Let w be (144/40)/((-2)/(-10)). Suppose -4*m = -z - w, -3*m - 4*z + 5 = 1. Determine s(m).
3
Let n(z) = 2*z**2 + z - 1. Suppose -h = -4*h + 3. What is n(h)?
2
Let m(r) be the third derivative of r**5/60 + 5*r**4/24 - r**3/6 + 11*r**2. Let a(z) = 16*z**3. Let u be a(1). Let t = 10 - u. Determine m(t).
5
Let r(j) be the second derivative of 0 + 2*j - 1/3*j**3 + 0*j**2 + 1/3*j**4 - 1/20*j**5. Give r(4).
-8
Let r(q) = 5*q**3 - q**2 + q. Suppose 0 = -4*i + 7 - 3. Calculate r(i).
5
Let w(n) = -n + n**3 + 7 + 3*n**2 - 9 - n**2. Let o be 9/1*22/99. What is w(o)?
12
Let l(q) = -2*q + 1. Let v(a) = 5*a - 1 + 0*a + 0*a - 2*a. Let d(p) = -5*l(p) - 4*v(p). Suppose -3 = 2*o + o. Calculate d(o).
1
Let k(i) = -i**3 - i**2 - i - 9. Let d = -4 - -4. Suppose d*z = -z. Calculate k(z).
-9
Let w(t) = -4*t**3 - 4*t**2 - 7*t - 6. Let n(z) = -3*z**3 - 4*z**2 - 6*z - 5. Let d(l) = -3*n(l) + 2*w(l). Give d(-2).
3
Let j = -53 - -46. Let w(a) = -a**2 - 11*a - 5. Let b(l) = -l - 1. Let k(c) = -3*b(c) + w(c). Calculate k(j).
5
Let f(a) = -a**3 + 13*a**2 - 10*a - 7. Let u(v) = v**3 - 9*v**2 + 7*v + 5. Let r(z) = -5*f(z) - 7*u(z). What is r(-2)?
6
Let y(b) = -b - 1. Let g = -52 - -49. Give y(g).
2
Suppose 4 = -h, 3*h + 13 = 2*q - 11. Let b(i) = i**3 - 5*i**2 - 4*i - 2. Determine b(q).
10
Let z(a) = -11*a**2 + 26*a - 6. Let c(d) = 4*d**2 - 9*d + 2. Let n(w) = -8*c(w) - 3*z(w). What is n(7)?
9
Let o(y) be the second derivative of y**4/4 + 2*y**3/3 - y**2/2 + 3*y. Give o(-3).
14
Let u be (0/(-1))/(3 - 5). Let s(w) be the second derivative of -1/12*w**4 + 0*w**3 + w + 0 - 4*w**2. Calculate s(u).
-8
Let s(x) = 7*x - 4*x + 6 - 5*x. Determine s(-6).
18
Let k(r) be the first derivative of 0*r**3 - r - r**2 - 1 + 1/2*r**4. What is k(-1)?
-1
Let f(q) = -3*q - 2. Let o(v) = v + 1. Let p(j) = 4*f(j) + 11*o(j). Suppose 3*l = 3*i - i + 1, -5*i - 4*l = -32. What is p(i)?
-1
Let k(l) = 3*l + 276 - 280 - 2*l. Let t = 6 - 3. Suppose -t*q = -7*q. Give k(q).
-4
Let p(i) = -i**3 + 4*i**2 - 4. Let y be p(4). Let v(j) be the first derivative of 3*j**2 + 1/4*j**4 - 2 + 5/3*j**3 + 4*j. What is v(y)?
-4
Let l(a) = 2*a**2 + 7*a + 4. Let q = 4 + 1. Suppose -3 = q*d + 17. Give l(d).
8
Let m(r) = 1 + 6*r - 7*r**2 + 11*r**2 - 3*r**2. Give m(-6).
1
Let l(d) = d**3 + 3*d**2 + 3*d + 1. Let j(p) = -2*p**3 - 7*p**2 - 7*p - 2. Let w(z) = -3*j(z) - 7*l(z). What is w(2)?
-9
Let u(i) = 7*i**2 + 11*i + 3. Let o(r) = 6*r**2 + 10*r + 3. Let k(m) = -6*o(m) + 5*u(m). Determine k(-3).
3
Let o be ((-35)/(-14))/((-10)/(-24)). Let n(y) = -y**3 + 6*y**2 + 4*y - 6. What is n(o)?
18
Suppose 0 = x - 0 - 1. Let q(h) = h. Let i(o) = 6*o + 2. Let s(p) = x*i(p) - 8*q(p). Give s(-2).
6
Let d(h) = -h**2 + h - 2. Let k be (1 - -3 - 6)*(-3 + 1). What is d(k)?
-14
Let u(k) be the second derivative of -2*k + 0 + 5*k**2 + 1/6*k**3. Determine u(-5).
5
Let v = 2 + -3. Let j(r) = 0 - 3*r**2 + 2*r**2 - 19*r + r**3 + 18*r - 1. Determine j(v).
-2
Let v(k) = -476*k - 1 + 476*k + 8*k**2. Calculate v(1).
7
Let t(x) = x**3 + 7*x**2 - 7*x + 8. Let p be t(-8). Suppose 0*z - 2*z + 16 = p. Let o(j) = 1 + j + z - 3. What is o(-5)?
1
Let r be 0*((-15)/(-6) + -2). Suppose r = -5*y - 0*y. Let h(m) be the second derivative of m**5/20 + m**4/12 + m**3/6 + 4*m**2 + m. What is h(y)?
8
Let r(z) = z - 6. Let g be (4/12)/(3/36). Suppose 7*x - 40 = 3*x - g*i, 5*x - 5*i = 0. What is r(x)?
-1
Let a(j) = -j**2 + j - 1. Let z(r) be the second derivative of -r**4 - r**3/3 + 2*r**2 + 2*r. Let p(b) = 3*a(b) + z(b). Give p(-1).
-15
Let o(f) = -f - 3. Let l(g) = 1. Let j(h) = -6*l(h) - o(h). Determine j(5).
2
Suppose -12*r = 4*r - 208. Let x(d) = d**3 - 14*d**2 + 12*d + 7. Calculate x(r).
-6
Let u be (-2)/6*-2 + 48/(-18). Let f(t) = 2*t**3 + 3*t**2 + t - 4. Let o(a) = -8*a**3 - 12*a**2 - 5*a + 17. Let k(w) = -9*f(w) - 2*o(w). Calculate k(u).
4
Let r(f) = f**2 - 10*f + 11. Let m be r(8). Let j(h) = -h**3 - 4*h**2 + 5*h + 1. Determine j(m).
1
Let c(u) = -u**2 - 8*u - 3. Let k be c(-8). Let d(g) be the first derivative of g**3/3 + g**2 - 2*g - 4. Determine d(k).
1
Suppose -w = 3*w - 16. Suppose -w*s = -s. Let j(c) = -4*c - 7. Let m(g) = 11*g + 20. Let i(t) = -8*j(t) - 3*m(t). Give i(s).
-4
Let v(d) = -13*d. Let p(z) be the second derivative of 7*z**3/6 + 5*z. Let w(h) = 11*p(h) + 6*v(h). Calculate w(2).
-2
Let f(c) = -7*c**2 + 4*c - 8. Let t = -6 + 11. Let l(h) = 6*h**2 - 4*h + 7. Let x(i) = t*f(i) + 6*l(i). What is x(3)?
-1
Let t = 5 - 10. Let z be t/2*(-8)/10. Let c(s) = 2 - 1 + 3*s + 0*s**2 + 2*s**z. Calculate c(-3).
10
Suppose 0 = -2*y + 4*y + 4, 0 = -4*x + y + 2. Suppose x*k + 3*k - 12 = 0. Let h(b) = -2*b**2 + 3*b + 4. Give h(k).
-16
Suppose -5*k + 5*q = 0, 4*k - q = -3*q + 30. Let a be (-2 - 28/(-10))*k. Let y(b) = -b**3 + 5*b**2 - 4*b - 2. Calculate y(a).
-2
Let r = -1 + 3. Let g be 0*1*2/r. Let n(l) = -l**3 + l**2 - l - 6. Calculate n(g).
-6
Let z(g) = -11 + 15 - 5 - 3 - 4*g. Give z(-3).
8
Let i(j) = -4*j + 3*j + j + 3*j. Determine i(3).
9
Let j be ((-1)/2)/(10/(-100)). Let n(v) = -v**2 - 1 - j*v + 2 - 3. What is n(-3)?
4
Let q(v) be the second derivative of v**4/4 - v**3/6 + v**2 - 12*v. Give q(2).
12
Suppose 4*w - 14 = -2*s, 5*w + 0*w - 20 = -5*s. Let h(i) = -2*i**2 + 2*i + 3. Determine h(w).
-9
Let s(n) = -2*n + 6. Let i be s(4). Let l(t) be the first derivative of -5*t**2/2 - 3*t + 3. What is l(i)?
7
Let s(l) = l**2 - 9*l - 4. Suppose y + 3*h + 1 = 5*h, -4*y - h = -41. What is s(y)?
-4
Let d(u) = 12*u**2 - 2*u + 1. Let f(k) = -k**3 + k**2 + 4*k - 3. Let g be f(2). Give d(g).
11
Let c(w) = 1. Let p(h) = h + 13 - 4 + 0*h. Let d(m) = -4*c(m) + p(m). Give d(-4).
1
Let o be (1/1)/(4/12). Let m be 1*-1 + (o - 3). Let l = 5 + m. Let g(n) = -n + 3. Determine g(l).
-1
Let f(y) be the third derivative of -y**5/60 + y**4/24 - y**3/3 + 4*y**2. What is f(4)?
-14
Let c(s) = -s + 4. Let u be c(4). Let o(i) = 2*i - i**2 - 2*i + i. Determine o(u).
0
Let y(p) = 3*p + 3. Let i = -23 - -21. Let o be ((-4)/i)/((-2)/4). Give y(o).
-9
Let i(z) = z + 4. Suppose 2 = -a - 0*a. 